 (base 6) to base 7.
-1000061
Convert 2000333 (base 6) to base 8.
266401
-1001101101101001000 (base 2) to base 4
-1031231020
-157844 (base 9) to base 15
-1ddea
Convert 207357 (base 14) to base 10.
1095521
What is 10203322 (base 4) in base 2?
100100011111010
Convert 374110 (base 13) to base 12.
5395b4
What is 1fe15 (base 16) in base 7?
1052463
What is -4327294 (base 11) in base 8?
-35014025
What is -1e0e1b (base 16) in base 6?
-110114535
Convert -c3e9a (base 16) to base 7.
-6551346
Convert 47070230 (base 8) to base 6.
1003425000
Convert 32101330 (base 4) to base 16.
e47c
Convert ba538 (base 12) to base 11.
158a24
What is 136213 (base 8) in base 9?
73180
What is 331473 (base 8) in base 16?
1b33b
What is -30574d (base 14) in base 15?
-222858
What is -1300148 (base 9) in base 16?
-ad069
What is -304021404 (base 5) in base 10?
-1235854
-585d9 (base 16) to base 13
-c898c
-2313231330 (base 4) to base 13
-204693
What is 23222302 (base 4) in base 2?
1011101010110010
What is -4787aa (base 12) in base 13?
-315bc2
Convert 321302210013 (base 4) to base 16.
e72907
What is -622d2 (base 16) in base 12?
-17486a
Convert -332019 (base 10) to base 9.
-555400
-101200012001201 (base 3) to base 7
-66133411
What is -63640b (base 14) in base 12?
-1160163
147a92 (base 11) to base 8
701543
What is -436055 (base 9) in base 3?
-111020001212
Convert -acedf (base 16) to base 7.
-6010033
What is -1260367 (base 8) in base 15?
-6e6a3
What is 517441 (base 9) in base 3?
120121111101
What is -1112203400 (base 5) in base 2?
-1001011000100011001010
Convert 392418 (base 11) to base 7.
5153001
Convert 6796505 (base 10) to base 2.
11001111011010011011001
What is -1042489 (base 11) in base 13?
-4c2644
652416 (base 11) to base 8
3764362
What is -cac64 (base 16) in base 14?
-178980
Convert -21678 (base 11) to base 6.
-401252
What is 102322 (base 7) in base 5?
1031111
-1000110110110011001110 (base 2) to base 5
-1043242424
What is -681550 (base 9) in base 11?
-259564
144a399 (base 11) to base 5
1114104420
Convert 11100010010000111000111 (base 2) to base 3.
111221200101120
245160 (base 9) to base 15
2dd4c
Convert -11000101101011100 (base 2) to base 8.
-305534
What is 11154341 (base 6) in base 2?
1010011011101010101
What is -ea42e0 (base 15) in base 9?
-22876173
-121100031 (base 4) to base 15
-209ac
Convert -134441101 (base 6) to base 2.
-1010011101100100111101
1112010200120 (base 3) to base 16
c5adb
17ce7 (base 15) to base 12
387a7
6173443 (base 9) to base 8
14445654
What is 13545363 (base 7) in base 9?
2347813
Convert 2bac16 (base 14) to base 6.
52430124
Convert -1392ab (base 15) to base 9.
-1685448
Convert -114445014 (base 6) to base 13.
-5b5b59
Convert -2da04 (base 14) to base 16.
-1bf24
What is -203104212 (base 6) in base 11?
-1a86609
Convert -180159 (base 10) to base 5.
-21231114
Convert 7416916 (base 11) to base 2.
110001110110101001000000
110101100110011011000 (base 2) to base 14
33a116
What is -121110022021 (base 3) in base 4?
-1033010323
Convert -11021332 (base 6) to base 13.
-b6cb4
Convert -ab0820 (base 12) to base 13.
-741c57
662378 (base 9) to base 4
1200202220
-32018 (base 9) to base 12
-102b2
Convert 40324220 (base 5) to base 13.
b443b
Convert 21101311 (base 4) to base 5.
2204010
Convert -1a74055 (base 11) to base 3.
-20120022022010
Convert -66874 (base 10) to base 16.
-1053a
Convert -2a7a (base 12) to base 4.
-1031332
10201131310 (base 4) to base 10
1185652
-387c6 (base 14) to base 6
-2550202
Convert 1020210221 (base 3) to base 12.
12321
Convert -32413400 (base 6) to base 12.
-3a7260
1850b (base 16) to base 5
11141340
10001210000222 (base 3) to base 2
110001101110010011101
What is -212505 (base 10) in base 14?
-5762d
What is -153433350 (base 6) in base 11?
-192361a
Convert 78573 (base 13) to base 5.
23442232
What is -1275176 (base 10) in base 12?
-515b48
Convert 11761 (base 8) to base 13.
2429
5068a3 (base 11) to base 16
c6cf2
Convert 309b9 (base 12) to base 7.
353361
Convert 212011222222 (base 3) to base 14.
bc449
What is 274875 (base 9) in base 10?
167657
Convert 4352038 (base 9) to base 2.
1000111010100110111001
808956 (base 10) to base 13
224295
What is -1053782 (base 9) in base 13?
-16b161
-6bb1 (base 13) to base 4
-3231101
-2232130403 (base 5) to base 11
-2887210
What is -b49a81 (base 12) in base 8?
-12645301
522364 (base 11) to base 14
17b38c
What is -204011110 (base 5) in base 4?
-3032023302
Convert -10001112200 (base 3) to base 10.
-60174
60886 (base 11) to base 5
10321113
What is -70cca (base 13) in base 16?
-31589
b3649 (base 14) to base 16
697b1
14530a (base 11) to base 4
313111103
21111100110 (base 3) to base 15
2da93
-54001415 (base 7) to base 10
-4588862
What is 2201111013 (base 4) in base 6?
22055143
Convert -1000001111010111101000001 (base 2) to base 5.
-13410441313
12bab53 (base 13) to base 2
10110100010010000000111
Convert -147518 (base 13) to base 9.
-844275
What is 1483851 (base 9) in base 2?
11001000111011011110
Convert 1313121433 (base 5) to base 9.
6110442
-315b4 (base 12) to base 14
-19880
a0379 (base 13) to base 10
286217
112121010 (base 3) to base 7
43011
What is 1111110101101100 (base 2) in base 11?
44819
Convert 20344545 (base 6) to base 9.
1087522
222420120 (base 5) to base 15
1461c5
Convert -401a0bc (base 13) to base 6.
-1530524002
What is 10101110011011110011010 (base 2) in base 9?
11671622
What is 254865 (base 11) in base 7?
3262023
7104633 (base 8) to base 5
434321420
What is -3581753 (base 10) in base 8?
-15523471
What is 230021010 (base 4) in base 6?
3513020
Convert -741049 (base 11) to base 8.
-4416751
Convert 86827 (base 10) to base 15.
1aad7
-2121212120 (base 3) to base 12
-25a96
Convert -101021200201100 (base 3) to base 12.
-19b7123
What is -142d4 (base 14) in base 12?
-24b02
What is 61435 (base 10) in base 6?
1152231
What is -434221342 (base 5) in base 9?
-3455152
Convert -127524 (base 10) to base 15.
-27bb9
Convert 410411423 (base 5) to base 10.
1653988
Convert -199630 (base 14) to base 13.
-25ac72
Convert -1212120000 (base 3) to base 13.
-13a10
1711674 (base 8) to base 9
836146
550b4 (base 14) to base 7
1515314
-38195 (base 16) to base 6
-4531445
Convert 36496c (base 14) to base 12.
756658
What is -330862 (base 9) in base 11?
-125457
What is -305571 (base 14) in base 16?
-18d86f
What is 264a3 (base 13) in base 10?
71113
Convert -53e5 (base 15) to base 14.
-668d
What is 12969 (base 12) in base 7?
134355
-31425541 (base 7) to base 11
-1559250
101110010100010101 (base 2) to base 5
22032332
Convert 101030111 (base 5) to base 4.
1203221130
What is -603c7 (base 15) in base 4?
-1022113210
Convert -10122121120222 (base 3) to base 10.
-1941029
Convert 164765 (base 12) to base 14.
9cd1b
Convert -1773d2 (base 16) to base 5.
-343140403
22831 (base 11) to base 6
412310
What is -6d8128 (base 15) in base 12?
-1909432
What is 1109823 (base 16) in base 12?
5b96483
What is 68331 (base 12) in base 3?
21001021101
Convert 105dc7 (base 14) to base 4.
2013110123
-1001001111010001011 (base 2) to base 9
-511237
-1001001000110110001 (base 2) to base 12
-125355
Convert -2a0bb9 (base 13) to base 5.
-230431312
Convert a03681 (base 11) to base 4.
12022113112
What is -5250440 (base 9) in base 3?
-12021200111100
What is -202501 (base 11) in base 13?
-b5136
Convert 202302110113 (base 4) to base 8.
42622427
Convert -11000100110010110000 (base 2) to base 14.
-16da80
What is -3038ab5 (base 12) in base 15?
-bd730b
Convert -244222223 (base 5) to base 14.
-224315
-3607217 (base 10) to base 5
-1410412332
Convert -1122045532 (base 6) to base 11.
-7011056
Convert 1778512 (base 9) to base 15.
14a5de
What is 4c53 (base 14) in base 6?
142013
What is 666ab (base 16) in base 13?
118c32
What is -17407480 (base 9) in base 3?
-121110021112200
Convert 1000001011010101100 (base 2) to base 3.
111121120000
Convert 1143553 (base 8) to base 10.
313195
What is 15424546 (base 7) in base 4?
11222222131
48622 (base 9) to base 4
13331012
Convert -373682 (base 10) to base 11.
-235831
What is -834382 (base 11) in base 8?
-5065374
d9056 (base 14) to base 5
113233210
What is -23048 (base 10) in base 13?
-a64c
Convert -3424314 (base 7) to base 16.
-6820b
Convert 43871 (base 9) to base 13.
1035a
Convert 3525141 (base 6) to base 16.
2c935
Convert 136995 (base 10) to base 3.
20221220220
What is 1